{"id":35,"date":"2024-09-09T19:14:31","date_gmt":"2024-09-09T22:14:31","guid":{"rendered":"http:\/\/temp.lp.histocenter.com.br\/?page_id=35"},"modified":"2025-09-21T23:32:49","modified_gmt":"2025-09-22T02:32:49","slug":"histocenter-laboratorio-de-anatomia-patologica-e-citopatologia-em-guarapuava-parana-exames-medicina-diagnostica-qualidade-prazo-diagnostico-imuno-histoquimica-citoquimica-anatomopatologico","status":"publish","type":"page","link":"https:\/\/histocenter.com.br\/","title":{"rendered":"Histocenter &#8211; Laborat\u00f3rio De Anatomia Patol\u00f3gica E Citopatologia Em Guarapuava Paran\u00e1 &#8211; Exames, Medicina Diagn\u00f3stica, Qualidade, Prazo, Diagn\u00f3stico, Imuno-Histoqu\u00edmica, Citoqu\u00edmica, Anatomopatol\u00f3gico, Bi\u00f3psias, Pe\u00e7as Cir\u00fargicas, Citopatol\u00f3gico C\u00e9rvico-Vaginal, Exame Per-Operat\u00f3rio De Congela\u00e7\u00e3o"},"content":{"rendered":"\t\t<div data-elementor-type=\"wp-page\" data-elementor-id=\"35\" class=\"elementor elementor-35\" data-elementor-post-type=\"page\">\n\t\t\t\t<div class=\"elementor-element elementor-element-91afbe7 e-flex e-con-boxed e-con e-parent\" data-id=\"91afbe7\" data-element_type=\"container\" data-settings=\"{&quot;background_background&quot;:&quot;classic&quot;}\">\n\t\t\t\t\t<div class=\"e-con-inner\">\n\t\t<div class=\"elementor-element elementor-element-4f72302 e-con-full animated-slow e-flex elementor-invisible e-con e-child\" data-id=\"4f72302\" data-element_type=\"container\" data-settings=\"{&quot;animation&quot;:&quot;zoomIn&quot;}\">\n\t\t\t\t<div class=\"elementor-element elementor-element-dfb32a2 elementor-widget elementor-widget-heading\" data-id=\"dfb32a2\" data-element_type=\"widget\" data-widget_type=\"heading.default\">\n\t\t\t\t<div class=\"elementor-widget-container\">\n\t\t\t\t\t<p class=\"elementor-heading-title elementor-size-default\">Acesso do Paciente<\/p>\t\t\t\t<\/div>\n\t\t\t\t<\/div>\n\t\t\t\t<div class=\"elementor-element elementor-element-3f6619f elementor-widget elementor-widget-html\" data-id=\"3f6619f\" data-element_type=\"widget\" data-widget_type=\"html.default\">\n\t\t\t\t<div class=\"elementor-widget-container\">\n\t\t\t\t\t<form target=\"_blank\" class=\"avada-contact-form\" action=\"https:\/\/pathoweb.com.br\/site\/baixarLaudos\" >\r\n<input type=\"hidden\" name=\"empresa\" value=\"234\">\r\n<label style='color:#3F8E46; font-family:\"roboto\";font-size:15px; font-weight:400' for=\"senha\">N\u00famero do Exame:<\/label>\r\n<input required=\"\" id=\"numero\" class=\"form-control\" name=\"numero\" type=\"text\" value=\"\" placeholder=\"Digite o n\u00famero exame\">\r\n<label style='color:#3F8E46; font-family:\"roboto\";font-size:15px; font-weight:400' for=\"senha\">Senha:<\/label>\r\n<input required=\"\" id=\"senha\" class=\"form-control\" name=\"senha\" type=\"password\" value=\"\" placeholder=\"Digite a senha\">\r\n<input style='width: 50%;\r\n    background-color: #3F8E46;\r\n    color: #ffffff;\r\n    border-radius: 10px 10px 10px 10px;\r\n    margin-top: 15px;\r\n    font-family: \"Roboto\", Roboto;\r\n    font-size: 12px;\r\n    font-weight: 400;\r\n   rgba(20,106,129,0.5);' class=\"\" type=\"submit\" value=\"Acessar\">\r\n<\/form>\t\t\t\t<\/div>\n\t\t\t\t<\/div>\n\t\t\t\t<\/div>\n\t\t<div class=\"elementor-element elementor-element-7d9ddb8 e-con-full animated-slow e-flex elementor-invisible e-con e-child\" data-id=\"7d9ddb8\" data-element_type=\"container\" data-settings=\"{&quot;animation&quot;:&quot;zoomIn&quot;}\">\n\t\t\t\t<div class=\"elementor-element elementor-element-1610392 elementor-widget elementor-widget-heading\" data-id=\"1610392\" data-element_type=\"widget\" data-widget_type=\"heading.default\">\n\t\t\t\t<div class=\"elementor-widget-container\">\n\t\t\t\t\t<p class=\"elementor-heading-title elementor-size-default\">Acesso do M\u00e9dico | Proced\u00eancias<\/p>\t\t\t\t<\/div>\n\t\t\t\t<\/div>\n\t\t\t\t<div class=\"elementor-element elementor-element-0d03609 elementor-widget elementor-widget-html\" data-id=\"0d03609\" data-element_type=\"widget\" data-widget_type=\"html.default\">\n\t\t\t\t<div class=\"elementor-widget-container\">\n\t\t\t\t\t<form action=\"https:\/\/pathoweb.com.br\/site\/j_spring_security_check\" method=\"POST\" target=\"_blank\">\r\n<label style='color:#3F8E46; font-family:\"roboto\";font-size:15px; font-weight:400' for=\"j_username\">Usu\u00e1rio:<\/label>\r\n<input required=\"\" id=\"j_username\" class=\"form-control\" name=\"j_username\" type=\"text\" value=\"\" placeholder=\"Digite o usu\u00e1rio\">\r\n<label style='color:#3F8E46; font-family:\"roboto\";font-size:15px; font-weight:400' for=\"j_password\">Senha:<\/label>\r\n<input required=\"\" id=\"j_password\" class=\"form-control\" name=\"j_password\" type=\"password\" value=\"\" placeholder=\"Digite sua senha\">\r\n<input style='width: 50%;\r\n    background-color: #3F8E46;\r\n    color: #ffffff;\r\n    border-radius: 10px 10px 10px 10px;\r\n    margin-top: 15px;\r\n    font-family: \"Roboto\", Roboto;\r\n    font-size: 12px;\r\n    font-weight: 400;\r\n     rgba(20,106,129,0.5);' class=\"\" type=\"submit\" value=\"acessar\">\r\n<\/form>\t\t\t\t<\/div>\n\t\t\t\t<\/div>\n\t\t\t\t<\/div>\n\t\t\t\t\t<\/div>\n\t\t\t\t<\/div>\n\t\t<div class=\"elementor-element elementor-element-76d5e42 e-con-full e-flex e-con e-parent\" data-id=\"76d5e42\" data-element_type=\"container\" data-settings=\"{&quot;background_background&quot;:&quot;classic&quot;}\">\n\t\t<div class=\"elementor-element elementor-element-7747fc1 e-con-full animated-slow e-flex elementor-invisible e-con e-child\" data-id=\"7747fc1\" data-element_type=\"container\" data-settings=\"{&quot;animation&quot;:&quot;zoomIn&quot;}\">\n\t\t\t\t<div class=\"elementor-element elementor-element-38637fd elementor-widget elementor-widget-heading\" data-id=\"38637fd\" data-element_type=\"widget\" data-widget_type=\"heading.default\">\n\t\t\t\t<div class=\"elementor-widget-container\">\n\t\t\t\t\t<p class=\"elementor-heading-title elementor-size-default\">Localiza\u00e7\u00e3o<\/p>\t\t\t\t<\/div>\n\t\t\t\t<\/div>\n\t\t\t\t<div class=\"elementor-element elementor-element-8221ceb elementor-widget__width-inherit elementor-widget elementor-widget-html\" data-id=\"8221ceb\" data-element_type=\"widget\" data-widget_type=\"html.default\">\n\t\t\t\t<div class=\"elementor-widget-container\">\n\t\t\t\t\t<iframe src=\"https:\/\/www.google.com\/maps\/embed?pb=!1m14!1m8!1m3!1d14416.691828533474!2d-51.464725!3d-25.3990205!3m2!1i1024!2i768!4f13.1!3m3!1m2!1s0x94ef3625aeb22385%3A0x863cf48a7c757285!2sLABORATORIO%20HISTOCENTER!5e0!3m2!1spt-BR!2sbr!4v1726019446731!5m2!1spt-BR!2sbr\" width=\"600\" height=\"150\" style=\"border:0;\" allowfullscreen=\"\" loading=\"lazy\" referrerpolicy=\"no-referrer-when-downgrade\"><\/iframe>\t\t\t\t<\/div>\n\t\t\t\t<\/div>\n\t\t\t\t<\/div>\n\t\t\t\t<\/div>\n\t\t\t\t<\/div>\n\t\t","protected":false},"excerpt":{"rendered":"<p>Acesso do Paciente N\u00famero do Exame: Senha: Acesso do M\u00e9dico | Proced\u00eancias Usu\u00e1rio: Senha: Localiza\u00e7\u00e3o<\/p>\n","protected":false},"author":2,"featured_media":0,"parent":0,"menu_order":0,"comment_status":"closed","ping_status":"closed","template":"elementor_header_footer","meta":{"footnotes":""},"class_list":["post-35","page","type-page","status-publish","hentry"],"_links":{"self":[{"href":"https:\/\/histocenter.com.br\/index.php\/wp-json\/wp\/v2\/pages\/35","targetHints":{"allow":["GET"]}}],"collection":[{"href":"https:\/\/histocenter.com.br\/index.php\/wp-json\/wp\/v2\/pages"}],"about":[{"href":"https:\/\/histocenter.com.br\/index.php\/wp-json\/wp\/v2\/types\/page"}],"author":[{"embeddable":true,"href":"https:\/\/histocenter.com.br\/index.php\/wp-json\/wp\/v2\/users\/2"}],"replies":[{"embeddable":true,"href":"https:\/\/histocenter.com.br\/index.php\/wp-json\/wp\/v2\/comments?post=35"}],"version-history":[{"count":208,"href":"https:\/\/histocenter.com.br\/index.php\/wp-json\/wp\/v2\/pages\/35\/revisions"}],"predecessor-version":[{"id":497,"href":"https:\/\/histocenter.com.br\/index.php\/wp-json\/wp\/v2\/pages\/35\/revisions\/497"}],"wp:attachment":[{"href":"https:\/\/histocenter.com.br\/index.php\/wp-json\/wp\/v2\/media?parent=35"}],"curies":[{"name":"wp","href":"https:\/\/api.w.org\/{rel}","templated":true}]}}